{"id":1002,"date":"2021-10-08T06:08:04","date_gmt":"2021-10-08T11:08:04","guid":{"rendered":"https:\/\/kanacec.com\/index.php\/about\/"},"modified":"2023-06-22T09:26:37","modified_gmt":"2023-06-22T14:26:37","slug":"about","status":"publish","type":"page","link":"https:\/\/kanacec.com\/index.php\/about\/","title":{"rendered":"NOSOTROS"},"content":{"rendered":"\n<div class=\"wp-block-uagb-container uagb-block-5e913e60 alignfull uagb-is-root-container\"><div class=\"uagb-container-inner-blocks-wrap\">\n<div class=\"wp-block-uagb-container uagb-block-f77c5ffb\">\n<p>Hacemos billeteras, bolsos y accesorios que te ahorran tiempo.&nbsp;Brindando elegancia, distinci\u00f3n y agregando un toque de originalidad.<\/p>\n\n\n\n<p>kANAC se origina en la ciudad de Quito,con el prop\u00f3sito de ayudar a los hombres y mujeres con&nbsp;art\u00edculos innovadores que faciliten su d\u00eda a d\u00eda.<\/p>\n\n\n\n<div class=\"wp-block-uagb-image uagb-block-4393a7e9 wp-block-uagb-image--layout-default wp-block-uagb-image--effect-static wp-block-uagb-image--align-none\"><figure class=\"wp-block-uagb-image__figure\"><img decoding=\"async\" srcset=\"https:\/\/kanacec.com\/wp-content\/uploads\/2023\/06\/startup-whiteboard-room-3267505-1024x682.jpg \" sizes=\"auto, (max-width: 480px) 150px\" src=\"https:\/\/kanacec.com\/wp-content\/uploads\/2023\/06\/startup-whiteboard-room-3267505-1024x682.jpg\" alt=\"startup, whiteboard, room-3267505.jpg\" class=\"uag-image-2466\" width=\"1024\" height=\"682\" title=\"\" loading=\"lazy\"\/><\/figure><\/div>\n<\/div>\n<\/div><\/div>\n\n\n\n<div class=\"wp-block-uagb-container uagb-block-a22ed50a alignfull uagb-is-root-container\"><div class=\"uagb-container-inner-blocks-wrap\">\n<div class=\"wp-block-uagb-container uagb-block-b2330171\">\n<div class=\"wp-block-uagb-advanced-heading uagb-block-11698009\"><h6 class=\"uagb-heading-text\">Nuestra historia<\/h6><\/div>\n<\/div>\n\n\n\n<div class=\"wp-block-uagb-container uagb-block-d1aea33a\">\n<p>La necesidad de ausencia de productos que ayuden a mejorar el d\u00eda a d\u00eda en las vidas de todos. Da como paso a crear la marca KANAC que busca generar una cultura de identidad propia, logrando diferenciarse de los dem\u00e1s.<\/p>\n\n\n\n<p>Cada uno de nuestros art\u00edculos son de dise\u00f1os minimistas y vanguardistas acorde a las exigencias y necesidades de estos tiempos.<\/p>\n<\/div>\n<\/div><\/div>\n","protected":false},"excerpt":{"rendered":"<p>Hacemos billeteras, bolsos y accesorios que te ahorran tiempo.&nbsp;Brindando elegancia, distinci\u00f3n y agregando un toque de originalidad. kANAC se origina en la ciudad de Quito,con el prop\u00f3sito de ayudar a los hombres y mujeres con&nbsp;art\u00edculos innovadores que faciliten su d\u00eda a d\u00eda. Nuestra historia La necesidad de ausencia de productos que ayuden a mejorar el [&hellip;]<\/p>\n","protected":false},"author":1,"featured_media":0,"parent":0,"menu_order":0,"comment_status":"closed","ping_status":"closed","template":"","meta":{"_uag_custom_page_level_css":"","site-sidebar-layout":"no-sidebar","site-content-layout":"plain-container","ast-site-content-layout":"default","site-content-style":"default","site-sidebar-style":"default","ast-global-header-display":"","ast-banner-title-visibility":"","ast-main-header-display":"","ast-hfb-above-header-display":"","ast-hfb-below-header-display":"","ast-hfb-mobile-header-display":"","site-post-title":"disabled","ast-breadcrumbs-content":"","ast-featured-img":"disabled","footer-sml-layout":"","theme-transparent-header-meta":"disabled","adv-header-id-meta":"","stick-header-meta":"","header-above-stick-meta":"","header-main-stick-meta":"","header-below-stick-meta":"","astra-migrate-meta-layouts":"default","ast-page-background-enabled":"default","ast-page-background-meta":{"desktop":{"background-color":"var(--ast-global-color-4)","background-image":"","background-repeat":"repeat","background-position":"center center","background-size":"auto","background-attachment":"scroll","background-type":"","background-media":"","overlay-type":"","overlay-color":"","overlay-opacity":"","overlay-gradient":""},"tablet":{"background-color":"","background-image":"","background-repeat":"repeat","background-position":"center center","background-size":"auto","background-attachment":"scroll","background-type":"","background-media":"","overlay-type":"","overlay-color":"","overlay-opacity":"","overlay-gradient":""},"mobile":{"background-color":"","background-image":"","background-repeat":"repeat","background-position":"center center","background-size":"auto","background-attachment":"scroll","background-type":"","background-media":"","overlay-type":"","overlay-color":"","overlay-opacity":"","overlay-gradient":""}},"ast-content-background-meta":{"desktop":{"background-color":"var(--ast-global-color-5)","background-image":"","background-repeat":"repeat","background-position":"center center","background-size":"auto","background-attachment":"scroll","background-type":"","background-media":"","overlay-type":"","overlay-color":"","overlay-opacity":"","overlay-gradient":""},"tablet":{"background-color":"var(--ast-global-color-5)","background-image":"","background-repeat":"repeat","background-position":"center center","background-size":"auto","background-attachment":"scroll","background-type":"","background-media":"","overlay-type":"","overlay-color":"","overlay-opacity":"","overlay-gradient":""},"mobile":{"background-color":"var(--ast-global-color-5)","background-image":"","background-repeat":"repeat","background-position":"center center","background-size":"auto","background-attachment":"scroll","background-type":"","background-media":"","overlay-type":"","overlay-color":"","overlay-opacity":"","overlay-gradient":""}},"footnotes":""},"class_list":["post-1002","page","type-page","status-publish","hentry"],"yoast_head":"<!-- This site is optimized with the Yoast SEO plugin v20.8 - https:\/\/yoast.com\/wordpress\/plugins\/seo\/ -->\n<title>NOSOTROS - kanacec.com<\/title>\n<meta name=\"robots\" content=\"index, follow, max-snippet:-1, max-image-preview:large, max-video-preview:-1\" \/>\n<link rel=\"canonical\" href=\"https:\/\/kanacec.com\/index.php\/about\/\" \/>\n<meta property=\"og:locale\" content=\"en_US\" \/>\n<meta property=\"og:type\" content=\"article\" \/>\n<meta property=\"og:title\" content=\"NOSOTROS - kanacec.com\" \/>\n<meta property=\"og:description\" content=\"Hacemos billeteras, bolsos y accesorios que te ahorran tiempo.&nbsp;Brindando elegancia, distinci\u00f3n y agregando un toque de originalidad. kANAC se origina en la ciudad de Quito,con el prop\u00f3sito de ayudar a los hombres y mujeres con&nbsp;art\u00edculos innovadores que faciliten su d\u00eda a d\u00eda. Nuestra historia La necesidad de ausencia de productos que ayuden a mejorar el [&hellip;]\" \/>\n<meta property=\"og:url\" content=\"https:\/\/kanacec.com\/index.php\/about\/\" \/>\n<meta property=\"og:site_name\" content=\"kanacec.com\" \/>\n<meta property=\"article:modified_time\" content=\"2023-06-22T14:26:37+00:00\" \/>\n<meta property=\"og:image\" content=\"https:\/\/kanacec.com\/wp-content\/uploads\/2023\/06\/startup-whiteboard-room-3267505-1024x682.jpg\" \/>\n<meta name=\"twitter:card\" content=\"summary_large_image\" \/>\n<meta name=\"twitter:label1\" content=\"Est. reading time\" \/>\n\t<meta name=\"twitter:data1\" content=\"1 minute\" \/>\n<script type=\"application\/ld+json\" class=\"yoast-schema-graph\">{\"@context\":\"https:\/\/schema.org\",\"@graph\":[{\"@type\":\"WebPage\",\"@id\":\"https:\/\/kanacec.com\/index.php\/about\/\",\"url\":\"https:\/\/kanacec.com\/index.php\/about\/\",\"name\":\"NOSOTROS - kanacec.com\",\"isPartOf\":{\"@id\":\"https:\/\/kanacec.com\/#website\"},\"datePublished\":\"2021-10-08T11:08:04+00:00\",\"dateModified\":\"2023-06-22T14:26:37+00:00\",\"breadcrumb\":{\"@id\":\"https:\/\/kanacec.com\/index.php\/about\/#breadcrumb\"},\"inLanguage\":\"en-US\",\"potentialAction\":[{\"@type\":\"ReadAction\",\"target\":[\"https:\/\/kanacec.com\/index.php\/about\/\"]}]},{\"@type\":\"BreadcrumbList\",\"@id\":\"https:\/\/kanacec.com\/index.php\/about\/#breadcrumb\",\"itemListElement\":[{\"@type\":\"ListItem\",\"position\":1,\"name\":\"Inicio\",\"item\":\"https:\/\/kanacec.com\/\"},{\"@type\":\"ListItem\",\"position\":2,\"name\":\"NOSOTROS\"}]},{\"@type\":\"WebSite\",\"@id\":\"https:\/\/kanacec.com\/#website\",\"url\":\"https:\/\/kanacec.com\/\",\"name\":\"kanacec.com\",\"description\":\"\",\"publisher\":{\"@id\":\"https:\/\/kanacec.com\/#organization\"},\"potentialAction\":[{\"@type\":\"SearchAction\",\"target\":{\"@type\":\"EntryPoint\",\"urlTemplate\":\"https:\/\/kanacec.com\/?s={search_term_string}\"},\"query-input\":\"required name=search_term_string\"}],\"inLanguage\":\"en-US\"},{\"@type\":\"Organization\",\"@id\":\"https:\/\/kanacec.com\/#organization\",\"name\":\"kanacec.com\",\"url\":\"https:\/\/kanacec.com\/\",\"logo\":{\"@type\":\"ImageObject\",\"inLanguage\":\"en-US\",\"@id\":\"https:\/\/kanacec.com\/#\/schema\/logo\/image\/\",\"url\":\"https:\/\/kanacec.com\/wp-content\/uploads\/2023\/05\/logo-letras-blancas_Mesa-de-trabajo-1.png\",\"contentUrl\":\"https:\/\/kanacec.com\/wp-content\/uploads\/2023\/05\/logo-letras-blancas_Mesa-de-trabajo-1.png\",\"width\":750,\"height\":250,\"caption\":\"kanacec.com\"},\"image\":{\"@id\":\"https:\/\/kanacec.com\/#\/schema\/logo\/image\/\"}}]}<\/script>\n<!-- \/ Yoast SEO plugin. -->","yoast_head_json":{"title":"NOSOTROS - kanacec.com","robots":{"index":"index","follow":"follow","max-snippet":"max-snippet:-1","max-image-preview":"max-image-preview:large","max-video-preview":"max-video-preview:-1"},"canonical":"https:\/\/kanacec.com\/index.php\/about\/","og_locale":"en_US","og_type":"article","og_title":"NOSOTROS - kanacec.com","og_description":"Hacemos billeteras, bolsos y accesorios que te ahorran tiempo.&nbsp;Brindando elegancia, distinci\u00f3n y agregando un toque de originalidad. kANAC se origina en la ciudad de Quito,con el prop\u00f3sito de ayudar a los hombres y mujeres con&nbsp;art\u00edculos innovadores que faciliten su d\u00eda a d\u00eda. Nuestra historia La necesidad de ausencia de productos que ayuden a mejorar el [&hellip;]","og_url":"https:\/\/kanacec.com\/index.php\/about\/","og_site_name":"kanacec.com","article_modified_time":"2023-06-22T14:26:37+00:00","og_image":[{"url":"https:\/\/kanacec.com\/wp-content\/uploads\/2023\/06\/startup-whiteboard-room-3267505-1024x682.jpg"}],"twitter_card":"summary_large_image","twitter_misc":{"Est. reading time":"1 minute"},"schema":{"@context":"https:\/\/schema.org","@graph":[{"@type":"WebPage","@id":"https:\/\/kanacec.com\/index.php\/about\/","url":"https:\/\/kanacec.com\/index.php\/about\/","name":"NOSOTROS - kanacec.com","isPartOf":{"@id":"https:\/\/kanacec.com\/#website"},"datePublished":"2021-10-08T11:08:04+00:00","dateModified":"2023-06-22T14:26:37+00:00","breadcrumb":{"@id":"https:\/\/kanacec.com\/index.php\/about\/#breadcrumb"},"inLanguage":"en-US","potentialAction":[{"@type":"ReadAction","target":["https:\/\/kanacec.com\/index.php\/about\/"]}]},{"@type":"BreadcrumbList","@id":"https:\/\/kanacec.com\/index.php\/about\/#breadcrumb","itemListElement":[{"@type":"ListItem","position":1,"name":"Inicio","item":"https:\/\/kanacec.com\/"},{"@type":"ListItem","position":2,"name":"NOSOTROS"}]},{"@type":"WebSite","@id":"https:\/\/kanacec.com\/#website","url":"https:\/\/kanacec.com\/","name":"kanacec.com","description":"","publisher":{"@id":"https:\/\/kanacec.com\/#organization"},"potentialAction":[{"@type":"SearchAction","target":{"@type":"EntryPoint","urlTemplate":"https:\/\/kanacec.com\/?s={search_term_string}"},"query-input":"required name=search_term_string"}],"inLanguage":"en-US"},{"@type":"Organization","@id":"https:\/\/kanacec.com\/#organization","name":"kanacec.com","url":"https:\/\/kanacec.com\/","logo":{"@type":"ImageObject","inLanguage":"en-US","@id":"https:\/\/kanacec.com\/#\/schema\/logo\/image\/","url":"https:\/\/kanacec.com\/wp-content\/uploads\/2023\/05\/logo-letras-blancas_Mesa-de-trabajo-1.png","contentUrl":"https:\/\/kanacec.com\/wp-content\/uploads\/2023\/05\/logo-letras-blancas_Mesa-de-trabajo-1.png","width":750,"height":250,"caption":"kanacec.com"},"image":{"@id":"https:\/\/kanacec.com\/#\/schema\/logo\/image\/"}}]}},"uagb_featured_image_src":{"full":false,"thumbnail":false,"medium":false,"medium_large":false,"large":false,"1536x1536":false,"2048x2048":false,"woocommerce_thumbnail":false,"woocommerce_single":false,"woocommerce_gallery_thumbnail":false},"uagb_author_info":{"display_name":"JUAN","author_link":"https:\/\/kanacec.com\/index.php\/author\/ohshopgmail-com\/"},"uagb_comment_info":0,"uagb_excerpt":"Hacemos billeteras, bolsos y accesorios que te ahorran tiempo.&nbsp;Brindando elegancia, distinci\u00f3n y agregando un toque de originalidad. kANAC se origina en la ciudad de Quito,con el prop\u00f3sito de ayudar a los hombres y mujeres con&nbsp;art\u00edculos innovadores que faciliten su d\u00eda a d\u00eda. Nuestra historia La necesidad de ausencia de productos que ayuden a mejorar el&hellip;","_links":{"self":[{"href":"https:\/\/kanacec.com\/index.php\/wp-json\/wp\/v2\/pages\/1002","targetHints":{"allow":["GET"]}}],"collection":[{"href":"https:\/\/kanacec.com\/index.php\/wp-json\/wp\/v2\/pages"}],"about":[{"href":"https:\/\/kanacec.com\/index.php\/wp-json\/wp\/v2\/types\/page"}],"author":[{"embeddable":true,"href":"https:\/\/kanacec.com\/index.php\/wp-json\/wp\/v2\/users\/1"}],"replies":[{"embeddable":true,"href":"https:\/\/kanacec.com\/index.php\/wp-json\/wp\/v2\/comments?post=1002"}],"version-history":[{"count":7,"href":"https:\/\/kanacec.com\/index.php\/wp-json\/wp\/v2\/pages\/1002\/revisions"}],"predecessor-version":[{"id":2469,"href":"https:\/\/kanacec.com\/index.php\/wp-json\/wp\/v2\/pages\/1002\/revisions\/2469"}],"wp:attachment":[{"href":"https:\/\/kanacec.com\/index.php\/wp-json\/wp\/v2\/media?parent=1002"}],"curies":[{"name":"wp","href":"https:\/\/api.w.org\/{rel}","templated":true}]}}